 -6*g - 5*z = -59, 4*g = 8*g - z - 61. Determine f(g).
6
Let d(f) = f**2 - 38*f - 130. Let y(c) = -3*c**2 - 13*c - 3. Let x be y(0). Give d(x).
-7
Let h be 14/77 + (1 - (-27)/33). Let c(k) = -186 + 99 + 84 + k**h + 3*k. Calculate c(-4).
1
Let t(y) = 5 - 2 + 36*y - 26*y - 22*y + 0. Determine t(1).
-9
Let h = -2263 - -2245. Let f(z) = z**2 + 20*z + 43. Determine f(h).
7
Let c be (1 + -6)*(-1 - 0). Let w(z) = 2 + 5*z + c*z**2 - 4*z + 3*z. Suppose 35*v = -21*v - 157 + 45. Determine w(v).
14
Let k(c) = -c**2 - 12*c - 6. Let p(u) = -42*u + 216. Let g be p(6). Let n = 25 + g. Determine k(n).
5
Let d(o) = 4*o**3 - 39*o**2 + 21*o - 19. Let y(h) = -h**3 + 5*h**2 + 1. Let r(t) = -d(t) - 5*y(t). Determine r(-15).
104
Let d(f) = -2*f + 11*f**3 - 16 + 7*f**3 - 15 + 32. Suppose -4*g - 17 = 3*l, 4*l - g = -6*g - 21. What is d(l)?
17
Let m(c) be the first derivative of -c**4/4 + 38*c**3/3 - 107*c**2/2 + 76*c + 2037. Calculate m(35).
6
Let b(w) = -6*w - 7. Let o(s) = 17*s + 22. Let j(a) = -7*b(a) - 2*o(a). Determine j(-1).
-3
Suppose 3*n + 17*n - 2*n = 0. Let q(a) be the third derivative of a**5/60 + a**3 + 13*a**2. What is q(n)?
6
Let o(k) = k**2 - 8*k - 33. Let p(u) = -8*u**3 + 72*u**2 - u + 19. Let l be p(9). Calculate o(l).
-13
Let d(i) = i**2 - 20*i - 13. Suppose -4*f - 18*r + 12 = -14*r, 0 = -3*f - r + 21. Give d(f).
-112
Let m(q) = -3*q**2 - 14*q + 5. Let v be m(-5). Suppose -3*a - 3*b - 12 = -v*a, 0 = 3*b. Let x(t) = -3*t + 3. Calculate x(a).
15
Let m(k) = -2*k**3 + k**2 - 4*k. Let o be 4/10 + ((-81)/15 - -2). Determine m(o).
75
Let j(o) = 2*o**2 + 4*o + 1. Suppose 0 = -4*r + 4, 4*l = r + 489 + 454. Suppose -g + 80 = -m, -2*m - m + 2*g - l = 0. Let b = -80 - m. Calculate j(b).
17
Suppose 5*t = -4*k - 10, -3*t - 12 - 2 = 4*k. Let j(i) = -t*i**2 + i + 204255 - 204251 + i**3 - 5*i. Calculate j(3).
1
Let c be (-2 - (1 + (0 - 4))) + 23. Suppose -7 = -23*i + c*i. Let b(f) = 3*f + 1. Let j(d) = -5*d - 1. Let g(y) = i*b(y) - 4*j(y). Give g(6).
-9
Let j(t) = -t**3 + 14*t**2 + 12*t + 36. Let s = 3135 + -3120. Determine j(s).
-9
Let t(r) = -7*r + 35. Let g be t(-27). Let d = -137 + g. Suppose 10 = -d*b + 82*b. Let h(j) = j**3 + j**2 - j - 2. What is h(b)?
-4
Let y(l) = -11*l + 2. Let j(p) = 10*p - 56. Let u be j(8). Let x be (1 - -1)/(u/24). Determine y(x).
-20
Let u(m) = 550*m - 3293. Let p be u(6). Let a(y) = y**3 - 9*y**2 + 19*y - 7. What is a(p)?
28
Let s(p) be the third derivative of -p**6/40 - p**5/60 - p**4/12 + 2*p**2. Let r be ((-240)/72)/((-150)/(-90)). What is s(r)?
24
Let t(q) = 14*q**2 - 431*q - 94. Let i be t(31). Let a = -20 + 40. Let u(b) = -a*b**2 - b**3 - b + 20*b**2 + 2*b**3. Calculate u(i).
0
Let y(z) = 2*z**3 + 93*z**2 + 46*z + 3. Let s(c) = 3*c**2 + 313*c - 2622. Let u be s(-112). Calculate y(u).
3
Let p be 0 - (-1 + (0 + -2)*-3). Let v(b) = -b + 12. Let i be v(p). Let n(f) = -i*f**2 - 263 + 131 + 132. Determine n(1).
-17
Let w(z) = 6*z + 8. Suppose 133 = 18*p - 37*p. Calculate w(p).
-34
Let i = -39 - -42. Suppose 4*z + 298 = i*l + 51, 4*z - 77 = -l. Let p = l - 79. Let v(y) = -2*y**3 + 2*y**2 - 1. Calculate v(p).
-9
Let m(d) be the third derivative of d**4/24 + d**3/3 - 2*d**2 + 20*d. Suppose 4*f + 6 = 5*r, 0 = 10*r - 11*r + 2*f. What is m(r)?
4
Let j(v) = -v + 16. Let u = 300 + -226. Suppose -5*o + 3*p = -29, 0 = u*o - 76*o - p + 16. What is j(o)?
9
Let w(m) = -7*m**2 - 7*m + 53. Let x(j) = -19*j**2 - 22*j + 140. Let f(n) = 8*w(n) - 3*x(n). Suppose -3*v = g + 3*g + 7, 11 = -4*v - 5*g. What is f(v)?
-5
Let h(z) = 3*z - 19. Let r(o) = -126*o + 756. Let p be r(6). What is h(p)?
-19
Let o(n) = 6 + 7 - 636*n**2 + 315*n**2 + 332*n**2 + 12*n + n**3. What is o(-10)?
-7
Suppose 2*w + 37 = 3*v, -w + v - 14 = -2*v. Let h = w + 29. Let x(k) be the first derivative of -3*k**2/2 - 4*k - 58. Calculate x(h).
-22
Let s(t) = 33*t**2 - 5020*t + 604. Let d be s(152). Let o(y) be the second derivative of y**5/20 + y**4/2 + y**3/2 - y**2 - y. What is o(d)?
18
Let y be (128/44)/2 + (-36)/(-66). Let f(z) = -832 - y*z + 1668 - 861. Calculate f(-12).
-1
Let k(b) = b**2 - 23*b + 20. Let p be k(22). Let x be (3 + -2)/(p*4/(-48)). Let u(g) = -2 + 94*g + g**3 - 38*g + 5 + x*g**2 - 50*g. Give u(-5).
-2
Let y(s) = -28*s**2 - 3*s - 5. Let n = -5583 - -5581. Calculate y(n).
-111
Let l(s) be the third derivative of 15*s**2 + 0*s + 0*s**3 - 11/24*s**4 + 3. Determine l(-3).
33
Let x(s) = 12*s**2 - 10*s - 13. Let o(r) = -r**2 + 2*r. Let t(v) = 22*o(v) + 2*x(v). Calculate t(-12).
-26
Let j(s) be the third derivative of s**5/15 + s**4/12 + s**3/6 + 14827*s**2 + 2*s. Suppose -2*i + 4*i = 4. Suppose -i*b + 4 = -6*b. What is j(b)?
3
Suppose -54*n + 34*n - 1638 = 58*n. Let x(l) = 4*l + 94. Give x(n).
10
Let a(b) = 23*b**2 + 7*b - 89. Let t(g) = -17*g**2 - 6*g + 87. Let w(k) = 3*a(k) + 4*t(k). Give w(0).
81
Let f(v) = -5*v - 122. Let u be f(-25). Let o(n) = -n**2 + 13*n**3 - 8*n**3 + 7 - 4*n**u - 4*n**2 - n. Give o(5).
2
Let r(t) = -3*t**2 - 9*t - 4. Let m be r(-2). Let c(x) = 562 - 1095 - x + 548 + x**m. Determine c(0).
15
Let d(j) = 39*j - 162. Let o(n) = -27*n + 158. Let q(t) = 2*d(t) + 3*o(t). What is q(42)?
24
Suppose -2*k - 18 = 0, -u + 5*k + 95 = 38. Let l(o) be the third derivative of 0*o**3 + 0*o - 1/15*o**6 - u*o**2 - 1/60*o**5 + 0*o**4 + 0. Calculate l(-1).
7
Let r(p) be the first derivative of 5*p**3/3 + 2*p**2 + 9136. Calculate r(2).
28
Let n(h) be the second derivative of -h**4/12 + 4*h**3/3 + 21*h**2/2 + 17*h + 21. Determine n(7).
28
Let l(n) = 13*n**3 + 2*n**2 + 29*n - 3. Let k(b) = 13*b**3 + 2*b**2 + 34*b - 3. Let q(m) = 6*k(m) - 7*l(m). Determine q(-1).
13
Let n be (45 + 1)/(0 + 4) - 241/(-482). Let p(v) = v**2 - 14*v - 19. Calculate p(n).
-43
Let n(w) = -w**3 + 4*w**2 + 7*w - 10. Let b = 199 + 36. Let q = -230 + b. Give n(q).
0
Let y(g) = -g**2 - 4*g + 5. Let q be y(-6). Let j(i) be the third derivative of i**5/60 + i**4/3 + 5*i**3/3 - 173*i**2 - 23. Determine j(q).
3
Let d(k) be the second derivative of -43*k**5/10 - k**4/12 - k**3/6 - 6*k - 83. What is d(-1)?
86
Let k(u) = -2*u**2 - 8*u + 4. Let t be k(-4). Suppose -2*d = -4*f - 24, -t*d + 3*f + 3 = -25. Let l(x) = -2 - 40*x - x**3 - d*x**2 + 42*x + 3. Determine l(-4).
-7
Let i = -190 + 192. Let c(t) = 13*t**i + 73*t - 149*t + 77*t. Give c(-1).
12
Let o(f) = -155*f + 55*f + 49*f - 7 + 52*f. Determine o(11).
4
Let z(y) = -206 - 11*y - y**2 - y**2 + 213. Let r = -3536 - -3530. Give z(r).
1
Let t(x) = -8*x**2 + 2*x + 2. Let s be 4/(-4)*-8 + -4. Suppose 0 = s*k - 11 - 13. Suppose 2*q + 2 = k. What is t(q)?
-26
Let d(j) be the second derivative of 1 + j**2 + 1/6*j**3 + 3/4*j**4 - 62*j + 1/20*j**5. Calculate d(-9).
-7
Let h(m) = -3*m**2 - 23*m + 63. Let l(c) = -2*c**2 - 2*c - 1. Let d(x) = -h(x) + 2*l(x). Determine d(4).
-5
Let c(n) = -5 - 3 + 1 + 15*n**2 - 11*n**2 + 5*n. Let i(f) = -7*f**2 - 8*f + 14. Let v(g) = -5*c(g) - 3*i(g). Determine v(-3).
5
Let u(r) = r**3 + 11*r**2 - 11*r - 24. Let y = 617 + -629. Calculate u(y).
-36
Let d(n) = 2*n**3 - 6*n**2 + 2. Suppose -2676 = -5*a - 4*p + p, -2*a + 4*p + 1086 = 0. Suppose -15 = -a*y + 532*y. Determine d(y).
2
Let b be 65/(-715) - (-210)/11. Let f(s) be the first derivative of -5*s - 1/3*s**3 + b + 5/2*s**2. Determine f(5).
-5
Suppose -13 = 4*s - 3*k, -k + 11 = -3*s - 0. Let n(c) = 0 - 3 - c**2 - 2*c + 12*c**2. Let y(m) = -12*m**2 + 3*m + 4. Let h(t) = s*n(t) - 3*y(t). Calculate h(1).
-9
Suppose i + 3*w + 1 = 0, -i + 6 = i + 4*w. Let b(v) = -i*v + 19*v - 10*v - v - 6*v + 5. Calculate b(-4).
41
Let t = -2/1585 + 11107/9510. Let y(l) be the second derivative of -24*l + t*l**3 - l**2 + 0 - 1/12*l**4. Determine y(7).
-2
Suppose -u + 2 = -2*u. Let n(h) = -19*h**2 - 3. Let c be n(u). Let o = c - -87. Let q(p) = -p**3 + 7*p**2 + 6*p + 6. Determine q(o).
-10
Let w be (39/(-2))/(12/32). Let i be (-4)/26 + (-8)/w. Let l(m) = -m - 3*m**3 - 5 - 7 + 2*m**3. Determine l(i).
-12
Let b(a) be the third derivative of -a**5/60 - 7*a**4/24 + 7*a**3/2 - 61*a**2. Let m be b(-9). Let g(w) = -6*w - 1. Determine g(m).
-19
Let w(c) = -c**3 - 17*c**2 + 21*c + 45. Let i(p) = -p - 97. Let a be i(-79). Calculate w(a).
-9
Let b(u) be the first derivative of u**2/2 + 6*u - 16. Suppose 6*n + 3*n + 243 = 0. Let j = n - -21. Determine b(j).
0
Let u(h) = h**3 - 34*h**2 - 40*h + 174. Let v be (1 - (5 - 1